{"text_format":"1","workbook":"xlsx","n_sheets":6,"sheets":["RM","Cash Equities Summary","Derivatives Summary","Futures Data","Options Data","AuC"],"not_rendered":{"charts":0,"images":0,"macros":0,"external_links":1,"defined_names":0,"comments":0,"pivot_tables":0},"unopened":[],"bounds":{"document_bytes":16777216,"sheet_cells":100000,"rows_first":2000,"rows_last":500,"rows_between":2000,"halvings":0,"cell_chars":16384,"cell_head_chars":4096},"cells_cut":0,"cells_raw":0,"read":"whole","date_system":"1900"}

{"sheet":"RM","index":0,"n_rows":79,"n_cols":17,"rows_kept":79,"cut":false,"hidden":false,"merged":[[2,0,3,16]]}
["MEXICAN STOCK EXCHANGE"]
["JULY OPERATIONAL HIGHLIGHTS"]
["Mexico City, Mexico, August 5th, 2021.  Bolsa Mexicana de Valores, S.A.B. de C.V. (BMV: BOLSAA), today announced its trading volumes for the month of July 2021."]
[]
[]
[null,null,null,"2021-07-01","2021-06-01","%",null,"2020-07-01","%",null,"QTD '21","QTD '20","%",null,"YTD '21","YTD '20","%"]
["Debt Listings",null,null,"                           "]
[]
[null,"Medium & Long Term Listings"]
[null,"New Listings",null,7,10,-0.30000000000000004,null,2,2.5,null,7,2,2.5,null,49,40,0.22500000000000009]
[null,"Amounts Raised(1)",null,6667,4172,0.59803451581975064,null,6001,0.11098150308281962,null,6667,6001,0.11098150308281962,null,50678,70755,-0.28375379831814007]
[]
[null,"Short Term Listing"]
[null,"New Listings",null,110,97,0.134020618556701,null,116,-5.1724137931034475E-2,null,110,116,-5.1724137931034475E-2,null,660,677,-2.5110782865583436E-2]
[null,"Amounts Raised(1)",null,18025,14945,0.20608899297423888,null,15379,0.17205279927173422,null,18025,15379,0.17205279927173422,null,100324,96466,3.9993365538117054E-2]
[]
["Development Certificates (CKDs)"]
[null,"New Listings",null,0,0,"-",null,0,"-",null,0,0,"-",null,3,2,0.5]
[null,"Amounts Raised(1)",null,0,0,"-",null,0,"-",null,0,0,"-",null,606,3123,-0.80595581171950048]
[]
["Inv. Project Certificates (CERPIS)"]
[null,"New Listings",null,0,1,-1,null,1,-1,null,0,1,-1,null,1,1,0]
[null,"Amounts Raised(1)",null,0,397,-1,null,677,-1,null,0,677,-1,null,397,677,-0.41358936484490394]
[]
["Equity Listings"]
[null,"New Listings",null,0,1,-1,null,0,"-",null,0,0,"-",null,2,0,"-"]
[null,"Amounts Raised(1)",null,0,354,-1,null,0,"-",null,0,0,"-",null,4928,0,"-"]
[]
["FIBRAS"]
[null,"New Listings",null,0,0,"-",null,1,-1,null,0,1,-1,null,0,1,-1]
[null,"Amounts Raised(1)",null,0,0,"-",null,12037,-1,null,0,12037,-1,null,0,12037,-1]
[]
["FIBRAS E"]
[null,"New Listings",null,1,0,"-",null,0,"-",null,1,0,"-",null,1,1,0]
[null,"Amounts Raised(1)",null,22159,0,"-",null,0,"-",null,22159,0,"-",null,22159,25827,-0.14202191505014128]
[]
["Equity Trading(3) "]
[]
[null,"Total Market"]
[null,null,"Value Traded(1)",15097.357331740037,17752.246103979887,-0.14955227393138992,null,13997.570231840666,7.8569857602689863E-2,null,15097.357331740037,13997.570231840666,7.8569857602689863E-2,null,17895.667251671686,16715.177418030602,7.0623829117583581E-2]
[null,null,"Transaction",315462.40909090906,397815.54545454541,-0.207013369147099,null,365978.60869565216,-0.13803047064631135,null,315462.40909090906,365978.60869565216,-0.13803047064631135,null,396248.62328767125,403679.19047619047,-1.8407109813498024E-2]
[null,null,"Volume(2)",189124.42800000001,226279.27968181818,-0.16419908943524719,null,209324.63652173916,-9.6501820604576904E-2,null,189124.42800000001,209324.63652173913,-9.6501820604576793E-2,null,263258.96096575336,278819.19716326531,-5.5807621411378294E-2]
[]
[null,"Local market"]
[null,null,"Value Traded(1)",6437.329565976398,8560.8117791348886,-0.24804682872879125,null,6032.6692569854467,6.707815259760519E-2,null,6437.329565976398,6032.6692569854467,6.707815259760519E-2,null,8291.6775690173381,8014.7870843251567,3.4547453572872477E-2]
[null,null,"Transaction",293944.81818181818,375070.09090909088,-0.21629363335967988,null,353735.52173913043,-0.16902657460962078,null,293944.81818181818,353735.52173913043,-0.16902657460962078,null,373942.59589041094,393179.15646258503,-4.892568758029936E-2]
[null,null,"Volume(2)",179374.46836363638,211871.7290909091,-0.15338176955798066,null,191950.53008695654,-6.5517202362624483E-2,null,179374.46836363638,191950.53008695651,-6.5517202362624261E-2,null,249159.14862328762,261665.81865986396,-4.7796346120520972E-2]
[]
[null,"Global Market"]
[null,null,"Value Traded(1)",8660.0277657636398,9191.4343248449986,-5.7815411643092007E-2,null,7964.900974855218,8.7273751814730849E-2,null,8660.0277657636398,7964.900974855218,8.7273751814730849E-2,null,9603.98968265435,8700.3903337054435,0.10385733447479351]
[null,null,"Transaction",21517.590909090908,22745.454545454544,-5.3982813749000824E-2,null,12243.08695652174,0.75752986036162673,null,21517.590909090908,12243.08695652174,0.75752986036162673,null,22306.027397260274,10500.034013605442,1.1243766799571495]
[null,null,"Volume(2)",9749.9596363636374,14407.550590909092,-0.32327430850628502,null,17374.10643478261,-0.43882238358777315,null,9749.9596363636356,17374.106434782607,-0.43882238358777315,null,14099.812342465751,17153.37850340136,-0.17801543645353091]
[]
["Derivatives(3)"]
[null,"Futures Volume"]
[null,null,"IPC Index",890.86363636363637,2408.909090909091,-0.63017963619895845,null,1436.2173913043478,-0.37971532599631774,null,890.86363636363637,1436.2173913043478,-0.37971532599631774,null,1431.3904109589041,2514.3945578231292,-0.43072163972620525]
[null,null,"Mini IPC",24.681818181818183,9.1818181818181817,1.6881188118811883,null,12.217391304347826,1.0202199935296021,null,24.681818181818183,12.217391304347826,1.0202199935296021,null,17.232876712328768,23.027210884353742,-0.25162987394022784]
[null,null,"28 Day TIIE",0,0,"-",null,0,"-",null,0,0,"-",null,0,0,"-"]
[null,null,"TIEF",127.27272727272727,0,"-",null,0,"-",null,127.27272727272727,null,null,null,19.19178082191781,0,"-"]
[null,null,"91 Day Cete",0,0,"-",null,0,"-",null,0,0,"-",null,0,0,"-"]
[null,null,"Currencies",6985.590909090909,54822.5,-0.87257803075213813,null,6045.608695652174,0.15548181510899695,null,6985.590909090909,6045.608695652174,0.15548181510899695,null,27205.767123287671,20954.285714285714,0.29833903642632742]
[null,null,"Bonds",0,431.81818181818198,-1,null,73.956521739130437,-1,null,0,73.956521739130437,-1,null,134.24657534246575,224.15646258503401,-0.40110325709864758]
[null,null,"Equities",20.454545454545453,309.09090909090912,-0.93382352941176472,null,4.3478260869565215,3.7045454545454541,null,20.454545454545453,4.3478260869565215,3.7045454545454541,null,107.21917808219176,75.551020408163268,0.41916254079616322]
[null,null,"Centrally Cleared Swaps",0,0,"-",null,0,"-",null,0,0,"-",null,0,0,"-"]
[null,null,"Swaps",0,0,"-",null,0,"-",null,0,0,"-",null,0,0,"-"]
[null,null,"Tracks",0,0,"-",null,0,"-",null,0,0,"-",null,0,0,"-"]
[null,null,"TOTAL FUTURES",8048.863636363636,57981.500000000007,-0.86118221094032343,null,7572.347826086957,6.2928410213153319E-2,null,8048.863636363636,7572.347826086957,6.2928410213153319E-2,null,28915.047945205479,23791.414965986391,0.21535637903605709]
[null,"Swaps "]
[null,null,"Swaps TIIE 28",14125.454545454546,23770.454545454544,-0.40575580839468395,null,9093.4782608695659,0.55336100667202737,null,14125.454545454546,9093.4782608695659,0.55336100667202737,null,19431.164383561645,30531.666666666668,-0.36357341393433118]
[null,"TOTAL DERIVATIVES",null,22174.318181818184,81751.954545454559,-0.72876100265603883,null,16665.826086956524,0.33052619570852659,null,22174.318181818184,16665.826086956524,0.33052619570852659,null,48346.212328767127,54323.081632653062,-0.11002448911685636]
[]
[null,null,"Margin Deposits(1)",32314.8592102111,35189.342479523999,-8.1686188680152427E-2,null,41309.407837653598,-0.21773608236630182,null,32314.8592102111,41309.407837653598,-0.21773608236630182,null,35893.945635386604,39424.511523982386,-8.9552558855373499E-2]
[]
["Total Assets Under Custody"]
[null,null,"Local Market (4)",28355.462180682553,28328.430095326163,9.5423873703648354E-4,null,25095.410161068812,0.12990630552319682,null,28355.462180682553,25095.410161068812,0.12990630552319682,null,27727.714385404612,24927.799410434127,0.11232098465131712]
[null,null,"Global Market (4)",1617.2478424062765,1620.8003627508233,-2.1918309164969951E-3,null,1290.4296691501988,0.2532630650621206,null,1617.2478424062765,1290.4296691501988,0.2532630650621206,null,1548.9995047763161,1193.7498180538703,0.29759140596276468]
[]
["(1) Million Pesos",null,null,"(3) Daily Average"]
["(2) Thousand Shares",null,null,"(4) Billion Pesos"]

{"sheet":"Cash Equities Summary","index":1,"n_rows":61,"n_cols":13,"rows_kept":61,"cut":false,"hidden":false,"merged":[[39,5,40,5],[39,6,40,6],[39,7,40,7],[39,8,40,8],[39,12,40,12],[39,9,40,9],[39,10,40,10],[39,11,40,11],[51,0,52,0],[51,1,52,1],[51,2,52,2],[51,3,52,3],[51,4,52,4],[51,5,52,5],[51,12,52,12],[51,6,52,6],[51,7,52,7],[51,8,52,8],[51,9,52,9],[51,10,52,10],[51,11,52,11],[39,0,40,0],[39,1,40,1],[39,2,40,2],[39,3,40,3],[39,4,40,4],[17,9,18,9],[17,10,18,10],[17,11,18,11],[17,12,18,12],[28,0,29,0],[28,1,29,1],[28,2,29,2],[28,3,29,3],[28,4,29,4],[28,5,29,5],[28,12,29,12],[28,9,29,9],[28,10,29,10],[28,11,29,11],[28,6,29,6],[28,7,29,7],[28,8,29,8],[6,12,7,12],[17,0,18,0],[17,1,18,1],[17,2,18,2],[17,3,18,3],[17,4,18,4],[17,5,18,5],[17,6,18,6],[17,7,18,7],[17,8,18,8],[6,6,7,6],[6,7,7,7],[6,8,7,8],[6,9,7,9],[6,10,7,10],[6,11,7,11],[6,5,7,5],[6,0,7,0],[6,1,7,1],[6,2,7,2],[6,3,7,3],[6,4,7,4]]}
["MEXICAN STOCK EXCHANGE"]
[{"$f":"RM!A2","v":"JULY OPERATIONAL HIGHLIGHTS"}]
[]
["OPERATING FIGURES OF THE STOCK MARKET"]
[]
[null,"Trading on the Exchange"]
["Domestic Equities","2020-01-01","2020-02-01","2020-03-01","2020-04-01","2020-05-01","2020-06-01","2020-07-01","2020-08-01","2020-09-01","2020-10-01","2020-11-01","2020-12-01"]
[]
["Number of Trades",6425766,7048238,11222511,7960404,8095911,8908589,8135917,6534661,6740854,7014130,7789055,7780741]
["Daily Average",292080.27272727271,370959.89473684208,534405.28571428568,398020.2,404795.55,404935.86363636365,353735.52173913043,311174.33333333331,320993.04761904763,318824.09090909088,409950.26315789472,353670.04545454547]
["Value Traded(1)",165575.89748815601,156085.43108131809,228971.09583792882,148409.06727551337,152442.46432212938,187938.35248008688,138751.39291066528,129836.94396525538,162138.2861111394,147665.418900074,177704.108704691,160592.844674981]
["Daily Average(1)",7526.1771585525457,8215.0226884904259,10903.385516091848,7420.4533637756685,7622.12321610647,8542.6523854584957,6032.6692569854467,6182.7116173931145,7720.8707671971151,6712.0644954579093,9352.84782656266,7299.674757953695]
["Trading Volume(2)",4672287.1320000002,4610458.9970000004,7887317.1579999998,5409981.1579999998,5274423.45,6195545.2560000001,4414862.1919999998,4145318.8730000001,5432171.9529999997,6127623.6469999999,9942295.9389999993,9450460.7939999998]
["Daily Average(2)",212376.68781818182,242655.73668421054,375586.53133333329,270499.05789999996,263721.17249999999,281615.69345454546,191950.53008695654,197396.13680952383,258674.85490476192,278528.34759090905,523278.73363157891,429566.39972727274]
[]
[]
[null,"Trading on the Exchange"]
["Domestic Equities","2021-01-01","2021-02-01","2021-03-01","2021-04-01","2021-05-01","2021-06-01","2021-07-01","2021-08-01","2021-09-01","2021-10-01","2021-11-01","2021-12-01"]
[]
["Number of Trades",7765750,7663206,9427578,7405628,7615129,8251542,6466786,0,0,0,0,0]
["Daily Average",388287.5,403326.63157894736,428526.27272727271,370281.4,362625.19047619047,375070.09090909088,293944.81818181818,0,0,0,0,0]
["Value Traded(1)",172983.38435494999,168555.496777664,216261.76051525466,157207.31665557195,165617.85718064234,188337.85914096757,141621.25045148077,0,0,0,0,0]
["Daily Average(1)",8649.1692177474943,8871.3419356665272,9830.0800234206672,7860.3658327785979,7886.5646276496354,8560.8117791348886,6437.329565976398,0,0,0,0,0]
["Trading Volume(2)",5242751.3090000004,5570994.6430000002,7055905.557,4165295.3820000002,5734872.4639999997,4661178.04,3946238.304,0,0,0,0,0]
["Daily Average(2)",262137.56544999999,293210.24436842109,320722.97986363637,208264.7691,273089.16495238093,211871.7290909091,179374.46836363638,0,0,0,0,0]
[]
[]
[null,"Trading on the Global BMV Market"]
["Foreign Equities","2020-01-01","2020-02-01","2020-03-01","2020-04-01","2020-05-01","2020-06-01","2020-07-01","2020-08-01","2020-09-01","2020-10-01","2020-11-01","2020-12-01"]
[]
["Number of Trades",105762,121314,252523,246861,226457,308997,281591,290208,299599,276103,304308,312240]
["Daily Average",4807.363636363636,6384.9473684210525,12024.904761904761,12343.05,11322.85,14045.318181818182,12243.08695652174,13819.428571428571,14266.619047619048,12550.136363636364,16016.21052631579,14192.727272727272]
["Value Traded(1)",131943.98193371002,161751.90961903997,269169.66813369002,162116.49908548998,192418.82141845999,178363.77644264002,183192.72242167001,160995.08409800997,151685.79315392001,152402.77529349001,177218.55665931001,166857.60173317001]
["Daily Average(1)",5997.4537242595452,8513.2584010021037,12817.60324446143,8105.8249542744998,9620.9410709229996,8107.444383756364,7964.900974855218,7666.4325760957136,7223.1330073295239,6927.3988769768184,9327.2924557531587,7584.436442416818]
["Trading Volume(2)",245890.46400000001,287052.89500000002,525102.70700000005,309101.88,348820.48700000002,405973.75900000002,399604.44799999997,235008.264,207996.82199999999,300765.56199999998,276312.18199999997,323259.99699999997]
["Daily Average(2)",11176.839272727273,15108.047105263158,25004.890809523811,15455.093999999999,17441.02435,18453.352681818182,17374.10643478261,11190.869714285715,9904.6105714285713,13671.161909090908,14542.74642105263,14693.636227272727]
[]
[]
[null,"Trading on the Global BMV Market"]
["Foreign Equities","2021-01-01","2021-02-01","2021-03-01","2021-04-01","2021-05-01","2021-06-01","2021-07-01","2021-08-01","2021-09-01","2021-10-01","2021-11-01","2021-12-01"]
[]
["Number of Trades",454398,492867,535437,384627,415564,500400,473387,0,0,0,0,0]
["Daily Average",22719.9,25940.36842105263,24338.045454545456,19231.349999999999,19788.761904761905,22745.454545454544,21517.590909090908,0,0,0,0,0]
["Value Traded(1)",151335.81722398,209748.600653645,257883.76628712,184532.43790505003,205949.70560435005,202211.55514658996,190520.61084680006,0,0,0,0,0]
["Daily Average(1)",7566.7908611990006,11039.400034402368,11721.989376687274,9226.6218952525014,9807.1288383023839,9191.4343248449986,8660.0277657636398,0,0,0,0,0]
["Trading Volume(2)",212910.16699999999,306517.54499999998,400832.54100000003,293895.40299999999,312951.72100000002,316966.11300000001,214499.11199999999,0,0,0,0,0]
["Daily Average(2)",10645.50835,16132.502368421054,18219.660954545452,14694.77015,14902.462904761906,14407.550590909092,9749.9596363636374,0,0,0,0,0]
[]
[]
[null,"FIXED INCOME TRADING"]
[]
["Fixed Income","2021-01-01","2021-02-01","2021-03-01","2021-04-01","2021-05-01","2021-06-01","2021-07-01","2021-08-01","2021-09-01","2021-10-01","2021-11-01","2021-12-01"]
[]
["Value Traded(1)",14.000400000000001,6.2000999999999999,16.7,30.900500000000001,30.45,5.8,12.678699999999999,0,0,0,0,0]
["Daily Average(1)",0.70001999999999998,0.32632105263157896,0.75909090909090904,1.5450250000000001,1.45,0.26363636363636367,0.57630454545454546,0,0,0,0,0]
["Trading Volume(2)",140.00399999999999,62.000999999999998,167,309.005,304.5,58,126.78700000000001,0,0,0,0,0]
["Daily Average(2)",7.0001999999999995,3.2632105263157896,7.5909090909090908,15.45025,14.5,2.6363636363636367,5.7630454545454546,0,0,0,0,0]
[]
["(1) In Millions"]
["(2) In thousands"]
["Source:  BMV"]

{"sheet":"Derivatives Summary","index":2,"n_rows":86,"n_cols":13,"rows_kept":86,"cut":false,"hidden":false,"merged":[[75,10,76,10],[75,11,76,11],[75,12,76,12],[75,1,76,1],[75,2,76,2],[75,3,76,3],[75,4,76,4],[75,5,76,5],[75,6,76,6],[75,7,76,7],[75,8,76,8],[75,9,76,9],[81,11,82,11],[81,12,82,12],[81,6,82,6],[81,7,82,7],[81,8,82,8],[81,9,82,9],[81,10,82,10],[81,1,82,1],[81,2,82,2],[81,3,82,3],[81,4,82,4],[81,5,82,5],[62,11,63,11],[62,12,63,12],[62,6,63,6],[62,7,63,7],[62,8,63,8],[62,9,63,9],[62,10,63,10],[62,1,63,1],[62,2,63,2],[62,3,63,3],[62,4,63,4],[62,5,63,5],[51,1,52,1],[51,2,52,2],[51,3,52,3],[51,4,52,4],[51,5,52,5],[51,10,52,10],[51,11,52,11],[51,12,52,12],[33,5,34,5],[33,6,34,6],[33,7,34,7],[33,8,34,8],[33,12,34,12],[33,9,34,9],[33,10,34,10],[33,11,34,11],[51,6,52,6],[51,7,52,7],[51,8,52,8],[51,9,52,9],[42,12,43,12],[42,11,43,11],[42,9,43,9],[42,10,43,10],[24,12,25,12],[24,9,25,9],[24,10,25,10],[24,11,25,11],[24,6,25,6],[24,7,25,7],[24,8,25,8],[42,1,43,1],[42,2,43,2],[42,3,43,3],[42,4,43,4],[42,5,43,5],[42,6,43,6],[42,7,43,7],[42,8,43,8],[33,0,34,0],[33,1,34,1],[33,2,34,2],[33,3,34,3],[33,4,34,4],[6,5,7,5],[6,0,7,0],[6,1,7,1],[6,2,7,2],[6,3,7,3],[6,4,7,4],[24,0,25,0],[24,1,25,1],[24,2,25,2],[24,3,25,3],[24,4,25,4],[24,5,25,5],[6,12,7,12],[15,0,16,0],[15,1,16,1],[15,2,16,2],[15,3,16,3],[15,4,16,4],[15,5,16,5],[15,6,16,6],[15,7,16,7],[15,8,16,8],[6,6,7,6],[6,7,7,7],[6,8,7,8],[6,9,7,9],[6,10,7,10],[6,11,7,11],[15,9,16,9],[15,10,16,10],[15,11,16,11],[15,12,16,12],[68,10,69,10],[68,11,69,11],[68,12,69,12],[68,1,69,1],[68,2,69,2],[68,3,69,3],[68,4,69,4],[68,5,69,5],[68,6,69,6],[68,7,69,7],[68,8,69,8],[68,9,69,9]]}
["MEXICAN STOCK EXCHANGE"]
[{"$f":"'Cash Equities Summary'!A2","v":"JULY OPERATIONAL HIGHLIGHTS"}]
[]
["OPERATING FIGURES FUTURES MARKET"]
[]
[null,"               Futures Trading (MexDer)"]
[null,"2020-01-01","2020-02-01","2020-03-01","2020-04-01","2020-05-01","2020-06-01","2020-07-01","2020-08-01","2020-09-01","2020-10-01","2020-11-01","2020-12-01"]
[]
["Number of Trades",16700,13484,29089,14382,13477,17658,18732,12481,17176,15818,16136,12619]
["Volume (1)",342015,301589,1103217,223183,167142,1202058,174544,100317,1395549,186789,149359,1265225]
["Notional Value (2)",73226.852243000001,64267.123295999998,257885.31159699999,56327.909484000003,42207.672079999997,277335.34659999999,44099.011255999998,25592.239766999999,311243.13905100001,43684.028900999998,35855.421428000001,265960.85278199997]
["Open Interest (1)",670506,728139,529135,491277,449794,451407,496147,524289,519325,534422,552562,491875]
[]
[]
[null,"               Futures Trading (MexDer)"]
[null,"2021-01-01","2021-02-01","2021-03-01","2021-04-01","2021-05-01","2021-06-01","2021-07-01","2021-08-01","2021-09-01","2021-10-01","2021-11-01","2021-12-01"]
[]
["Number of Trades",12613,11450,19813,10879,9544,12245,11398,0,0,0,0,0]
["Volume (1)",222392,184687,1475336,148805,737709,1275593,177075,0,0,0,0,0]
["Notional Value (2)",49850.707947000003,42163.878529000001,328939.09451800003,34658.568080999998,152619.24033999999,270425.28737899999,41097.728611999999,0,0,0,0,0]
["Open Interest (1)",585379,666886,584223,641837,936371,633964,635509,0,0,0,0,0]
[]
[]
[null,"Swaps Trading (MexDer)"]
[null,"2020-01-01","2020-02-01","2020-03-01","2020-04-01","2020-05-01","2020-06-01","2020-07-01","2020-08-01","2020-09-01","2020-10-01","2020-11-01","2020-12-01"]
[]
["Number of Trades",40,38,60,25,40,45,31,34,38,54,147,18]
["Volume (1)",503320,522240,1213820,695100,887575,456950,209150,276594,808588,1142300,1159738,112003]
["Notional Value (2)",50332,52224,121382,69510,88757.5,45695,20915,27659.4,80858.8,114230,115973.8,11200.3]
["Open Interest (1)",6675094,6408844,6576865,6458765,5940240,5963827,5287454,5215452,5786540,6669440,6498387,5707850]
[]
[]
[null,"Swaps Trading (MexDer)"]
[null,"2021-01-01","2021-02-01","2021-03-01","2021-04-01","2021-05-01","2021-06-01","2021-07-01","2021-08-01","2021-09-01","2021-10-01","2021-11-01","2021-12-01"]
[]
["Number of Trades",17,34,63,34,68,86,63,0,0,0,0,0]
["Volume (1)",418550,363690,540330,196770,483900,522950,310760,0,0,0,0,0]
["Notional Value (2)",41855,36369,54033,19677,48390,52295,31076,0,0,0,0,0]
["Open Interest (1)",6011790,6061980,6044020,5856621,5623621,5767764,5839814,0,0,0,0,0]
[]
[]
[null,"               Options Trading (MexDer)"]
[null,"2020-01-01","2020-02-01","2020-03-01","2020-04-01","2020-05-01","2020-06-01","2020-07-01","2020-08-01","2020-09-01","2020-10-01","2020-11-01","2020-12-01"]
[]
["Number of Trades",808,635,445,164,205,509,497,376,439,496,187,384]
["Volume (1)",29317,70553,29275,235,2114,3029,12491,43860,27158,9223,1598,7570]
["Notional Value (2)",1076.85655,5468.7710500000003,4703.6949999999997,74.418000000000006,520.79499999999996,740.85,641.48500000000001,439.29239999999999,2830.105,1191.345,279.70499999999998,1260.06]
["Open Interest (1)",30694,71139,26914,26970,28953,5982,18056,61446,32018,40728,42190,2668]
[]
[]
[null,"               Options Trading (MexDer)"]
[null,"2021-01-01","2021-02-01","2021-03-01","2021-04-01","2021-05-01","2021-06-01","2021-07-01","2021-08-01","2021-09-01","2021-10-01","2021-11-01","2021-12-01"]
[]
["Number of Trades",275,212,284,203,112,108,125,0,0,0,0,0]
["Volume (1)",95109,102903,14024,5422,3261,27719,13890,0,0,0,0,0]
["Notional Value (2)",855.58,573.02499999999998,823.22699999999998,506.87,550.51499999999999,1091.4749999999999,339.29,0,0,0,0,0]
["Open Interest (1)",97536,199829,13614,18304,21463,17808,31602,0,0,0,0,0]
[]
["(1) contracts"]
["(2) million pesos"]
[]
[null,"               Margin Deposits"]
[null,"2020-01-01","2020-02-01","2020-03-01","2020-04-01","2020-05-01","2020-06-01","2020-07-01","2020-08-01","2020-09-01","2020-10-01","2020-11-01","2020-12-01"]
[]
["Margin Deposits (2)",35114.758026150899,35897.152856928995,39375.702546982102,40801.9773209224,41684.853177216799,41787.728902021903,41309.407837653598,44129.413248609002,42043.086395198101,37672.646831794002,42225.691647522006,39977.794458881901]
[]
[]
[null,"               Margin Deposits"]
[null,"2021-01-01","2021-02-01","2021-03-01","2021-04-01","2021-05-01","2021-06-01","2021-07-01","2021-08-01","2021-09-01","2021-10-01","2021-11-01","2021-12-01"]
[]
["Margin Deposits (2)",39601.965946116099,39186.819754669894,35222.449281892907,34602.565637074906,35139.617138217298,35189.342479523999,32314.8592102111,0,0,0,0,0]
[]
["(1) contracts"]
[]
[null,"Open Interest OTC"]
[null,"2020-01-01","2020-02-01","2020-03-01","2020-04-01","2020-05-01","2020-06-01","2020-07-01","2020-08-01","2020-09-01","2020-10-01","2020-11-01","2020-12-01"]
[]
["Open Interest (1)",5801474,5807474,5832774,5922924,5929374,5913974,6061434,6438996,6541034,7325982,7290360,7329290]
[]
[]
[null,"Open Interest OTC"]
[null,"2021-01-01","2021-02-01","2021-03-01","2021-04-01","2021-05-01","2021-06-01","2021-07-01","2021-08-01","2021-09-01","2021-10-01","2021-11-01","2021-12-01"]
[]
["Open Interest (1)",6836978,7844340,8144690,8222240,8212840,8086090,8253400]
[]
["(1) contracts"]

{"sheet":"Futures Data","index":3,"n_rows":77,"n_cols":65,"rows_kept":77,"cut":false,"hidden":false,"merged":[[54,5,54,8],[55,5,56,5],[55,6,56,6],[55,7,56,7],[55,8,56,8],[54,1,54,4],[55,1,56,1],[55,2,56,2],[55,3,56,3],[55,4,56,4],[30,31,31,31],[6,43,7,43],[6,32,7,32],[6,33,7,33],[6,49,7,49],[6,50,7,50],[6,51,7,51],[6,52,7,52],[30,32,31,32],[30,33,31,33],[30,34,31,34],[30,35,31,35],[30,36,31,36],[30,37,31,37],[29,43,29,46],[30,38,31,38],[30,39,31,39],[30,40,31,40],[30,43,31,43],[30,44,31,44],[30,45,31,45],[30,46,31,46],[6,34,7,34],[6,37,7,37],[6,38,7,38],[6,39,7,39],[6,40,7,40],[30,21,31,21],[6,53,7,53],[6,54,7,54],[29,47,29,50],[29,51,29,54],[30,47,31,47],[30,48,31,48],[30,49,31,49],[30,50,31,50],[30,51,31,51],[30,52,31,52],[30,53,31,53],[30,54,31,54],[30,22,31,22],[30,23,31,23],[30,24,31,24],[30,25,31,25],[30,26,31,26],[30,29,31,29],[30,30,31,30],[6,15,7,15],[6,16,7,16],[6,17,7,17],[6,18,7,18],[6,19,7,19],[6,20,7,20],[6,29,7,29],[6,30,7,30],[6,31,7,31],[6,21,7,21],[6,22,7,22],[6,23,7,23],[6,24,7,24],[6,25,7,25],[6,26,7,26],[6,1,7,1],[6,2,7,2],[6,3,7,3],[6,4,7,4],[6,5,7,5],[6,6,7,6],[6,7,7,7],[6,8,7,8],[6,9,7,9],[5,1,5,4],[5,5,5,8],[5,9,5,12],[5,15,5,18],[5,19,5,22],[5,23,5,26],[5,29,5,32],[5,33,5,36],[5,37,5,40],[29,1,29,4],[29,5,29,8],[29,9,29,12],[29,15,29,18],[29,19,29,22],[29,23,29,26],[29,29,29,32],[29,33,29,36],[29,37,29,40],[30,1,31,1],[30,2,31,2],[30,3,31,3],[30,4,31,4],[30,5,31,5],[30,6,31,6],[30,7,31,7],[30,8,31,8],[30,9,31,9],[5,61,5,64],[5,57,5,60],[30,10,31,10],[30,11,31,11],[30,12,31,12],[30,15,31,15],[30,16,31,16],[30,17,31,17],[30,18,31,18],[30,19,31,19],[30,20,31,20],[5,43,5,46],[5,47,5,50],[5,51,5,54],[6,10,7,10],[6,11,7,11],[6,12,7,12],[6,44,7,44],[6,45,7,45],[6,46,7,46],[6,47,7,47],[6,48,7,48],[6,35,7,35],[6,36,7,36]]}
["MEXICAN STOCK EXCHANGE",null,null,null,null,null,null,null,null,null,null,null,null,null,"MEXICAN STOCK EXCHANGE",null,null,null,null,null,null,null,null,null,null,null,null,null,"MEXICAN STOCK EXCHANGE",null,null,null,null,null,null,null,null,null,null,null,null,null,"MEXICAN STOCK EXCHANGE",null,null,null,null,null,null,null,null,null,null,null,null,null,"MEXICAN STOCK EXCHANGE"]
[{"$f":"'Derivatives Summary'!$A$2","v":"JULY OPERATIONAL HIGHLIGHTS"},null,null,null,null,null,null,null,null,null,null,null,null,null,{"$f":"'Derivatives Summary'!$A$2","v":"JULY OPERATIONAL HIGHLIGHTS"},null,null,null,null,null,null,null,null,null,null,null,null,null,{"$f":"'Derivatives Summary'!$A$2","v":"JULY OPERATIONAL HIGHLIGHTS"},null,null,null,null,null,null,null,null,null,null,null,null,null,{"$f":"'Derivatives Summary'!$A$2","v":"JULY OPERATIONAL HIGHLIGHTS"},null,null,null,null,null,null,null,null,null,null,null,null,null,{"$f":"'Derivatives Summary'!$A$2","v":"JULY OPERATIONAL HIGHLIGHTS"}]
[]
["OPERATING FIGURES FUTURES MARKET",null,null,null,null,null,null,null,null,null,null,null,null,null,"OPERATING FIGURES FUTURES MARKET",null,null,null,null,null,null,null,null,null,null,null,null,null,"OPERATING FIGURES FUTURES MARKET",null,null,null,null,null,null,null,null,null,null,null,null,null,"OPERATING FIGURES FUTURES MARKET"]
[]
[null,"DOLLAR",null,null,null,"EURO",null,null,null,"IPC",null,null,null,null,null,"TIIE 28",null,null,null,"CETE 91",null,null,null,"AMERICA MOVIL",null,null,null,null,null,"10 YEAR CENTRALLY CLEARED SWAP",null,null,null,"2 YEAR CENTRALLY CLEARED SWAP",null,null,null,"MINI IPC",null,null,null,null,null,"30 YEAR BOND",null,null,null,"DC24",null,null,null,"NV42",null,null,null,null,null,"JN22",null,null,null,"NV47"]
[null,"Trades","Volume","Notional Value(1)","Open Interest","Trades","Volume","Notional Value(1)","Open Interest","Trades","Volume","Notional Value(1)","Open Interest",null,null,"Trades","Volume","Notional Value(1)","Open Interest","Trades","Volume","Notional Value(1)","Open Interest","Trades","Volume","Notional Value(1)","Open Interest",null,null,"Trades","Volume","Notional Value(1)","Open Interest","Trades","Volume","Notional Value(1)","Open Interest","Trades","Volume","Notional Value(1)","Open Interest",null,null,"Trades","Volume","Notional Value(1)","Open Interest","Trades","Volume","Notional Value(1)","Open Interest","Trades","Volume","Notional Value(1)","Open Interest",null,null,"Trades","Volume","Notional Value(1)","Open Interest","Trades","Volume","Notional Value(1)","Open Interest"]
[]
["2020-01-01",373,296409,56244.927540999997,605705,2,30,6.3382500000000004,0,15993,35874,16246.75268,43984,null,"2020-01-01",0,0,0,3050,0,0,0,0,2,600,0.92579999999999996,0,null,"2020-01-01",0,0,0,0,0,0,0,0,298,546,49.445099999999996,287,null,"2020-01-01",0,0,0,0,5,2800,327.10750000000002,16300,0,0,0,0,null,"2020-01-01",0,0,0,0,6,3000,340.375,0]
["2020-02-01",426,267765,51022.439595999997,660347,0,0,0,0,12806,29399,12936.58612,45097,null,"2020-02-01",0,0,0,2680,0,0,0,0,0,0,0,0,null,"2020-02-01",0,0,0,0,0,0,0,0,233,345,30.0182,315,null,"2020-02-01",0,0,0,0,4,1800,211.3425,17200,0,0,0,0,null,"2020-02-01",0,0,0,0,1,500,57.962499999999999,500]
["2020-03-01",906,955577,209037.52003700001,483706,0,0,0,0,27659,126930,47507.90612,34526,null,"2020-03-01",0,0,0,2310,0,0,0,0,0,0,0,0,null,"2020-03-01",0,0,0,0,0,0,0,0,455,950,71.263319999999993,53,null,"2020-03-01",0,0,0,0,3,11000,1240.7750000000001,5000,0,0,0,0,null,"2020-03-01",0,0,0,0,0,0,0,0]
["2020-04-01",681,197228,48067.164303999998,445146,0,0,0,0,13418,23399,8226.3845099999999,37111,null,"2020-04-01",0,0,0,1940,0,0,0,0,0,0,0,0,null,"2020-04-01",0,0,0,0,0,0,0,0,265,416,29.46602,80,null,"2020-04-01",0,0,0,0,0,0,0,5000,0,0,0,0,null,"2020-04-01",0,0,0,0,0,0,0,0]
["2020-05-01",703,127226,29752.30155,413780,0,0,0,0,12587,32397,11800.203289999999,27102,null,"2020-05-01",0,0,0,1570,0,0,0,0,0,0,0,0,null,"2020-05-01",0,0,0,0,0,0,0,0,165,319,23.33494,142,null,"2020-05-01",0,0,0,0,2,800,95.6,5000,4,800,87.25,0,null,"2020-05-01",0,0,0,0,8,4000,445.33749999999998,0]
["2020-06-01",774,1096996,242018.827425,415152,0,0,0,0,16576,88584,33605.348209999996,28730,null,"2020-06-01",0,0,0,1200,0,0,0,0,0,0,0,0,null,"2020-06-01",0,0,0,0,0,0,0,0,274,528,40.142240000000001,25,null,"2020-06-01",0,0,0,0,9,11700,1414.8,5600,13,2350,252.733125,0,null,"2020-06-01",0,0,0,0,0,0,0,0]
["2020-07-01",444,139049,31534.259227999999,465572,0,0,0,0,18093,33033,12301.534610000001,23325,null,"2020-07-01",0,0,0,1000,0,0,0,0,0,0,0,0,null,"2020-07-01",0,0,0,0,0,0,0,0,184,281,20.994018000000001,50,null,"2020-07-01",0,0,0,0,1,500,61.3,5600,7,1201,135.33349999999999,0,null,"2020-07-01",0,0,0,0,2,380,45.03,0]
["2020-08-01",447,75863,16991.379657000001,493242,0,0,0,0,11842,21746,8336.6191500000004,23647,null,"2020-08-01",0,0,0,800,0,0,0,0,0,0,0,0,null,"2020-08-01",0,0,0,0,0,0,0,0,182,208,16.008459999999999,50,null,"2020-08-01",0,0,0,0,1,500,60.8125,5600,7,1650,185.55,0,null,"2020-08-01",0,0,0,0,0,0,0,0]
["2020-09-01",973,1301162,279984.60843099997,489972,0,0,0,0,16117,81489,29834.634699999999,22547,null,"2020-09-01",0,0,0,600,0,0,0,0,0,0,0,0,null,"2020-09-01",0,0,0,0,0,0,0,0,63,98,7.1590199999999999,6,null,"2020-09-01",0,0,0,0,9,10500,1263.4825000000001,5500,6,1350,150.255,0,null,"2020-09-01",0,0,0,0,0,0,0,0]
["2020-10-01",759,154988,33484.462920999998,503172,0,0,0,0,14883,26282,9918.9494699999996,20569,null,"2020-10-01",0,0,0,400,0,0,0,0,8,2100,2.7349999999999999,2100,null,"2020-10-01",0,0,0,0,0,0,0,0,149,219,16.5518,81,null,"2020-10-01",0,0,0,0,2,1000,118.46250000000001,6500,6,1300,138.66874999999999,0,null,"2020-10-01",0,0,0,0,0,0,0,0]
["2020-11-01",403,113464,23185.041832999999,530041,0,0,0,0,15621,30804,12466.04819,15507,null,"2020-11-01",0,0,0,200,0,0,0,0,5,2100,3.0514000000000001,0,null,"2020-11-01",0,0,0,0,0,0,0,0,89,191,15.20998,64,null,"2020-11-01",0,0,0,0,3,1500,178.35,5000,0,0,0,0,null,"2020-11-01",0,0,0,0,0,0,0,0]
["2020-12-01",479,1191349,238173.375956,473752,0,0,0,0,12017,60854,26679.086930000001,11941,null,"2020-12-01",0,0,0,0,0,0,0,0,0,0,0,0,null,"2020-12-01",0,0,0,0,0,0,0,0,97,208,18.4496,118,null,"2020-12-01",0,0,0,0,16,9000,1078.3800000000001,4000,0,0,0,0,null,"2020-12-01",0,0,0,0,0,0,0,0]
["2021-01-01",470,198506,39960.125757000002,563755,0,0,0,0,11984,21330,9733.7637500000001,14033,null,"2021-01-01",0,0,0,0,0,0,0,0,2,800,1.1213,800,null,"2021-01-01",0,0,0,0,0,0,0,0,150,346,31.57752,117,null,"2021-01-01",0,0,0,0,1,1000,121.95,5000,0,0,0,0,null,"2021-01-01",0,0,0,0,6,3000,340.375,0]
["2021-02-01",552,164167,33774.272088999998,642827,0,0,0,0,10758,18482,8276.89869,16296,null,"2021-02-01",0,0,0,0,0,0,0,0,1,300,0.4173,1100,null,"2021-02-01",0,0,0,0,0,0,0,0,129,397,35.549340000000001,228,null,"2021-02-01",0,0,0,0,2,600,73.23,4600,0,0,0,0,null,"2021-02-01",0,0,0,0,0,0,0,0]
["2021-03-01",579,1395783,296825.07028300001,558942,0,0,0,0,19073,65353,31116.17482,17419,null,"2021-03-01",0,0,0,0,0,0,0,0,2,1600,2.2984,1100,null,"2021-03-01",0,0,0,0,0,0,0,0,145,405,38.543680000000002,102,null,"2021-03-01",0,0,0,0,2,8000,944.6,4000,0,0,0,0,null,"2021-03-01",0,0,0,0,0,0,0,0]
["2021-04-01",412,132262,26833.794101,616926,2,60,14.4765,60,10310,16174,7781.2686800000001,17009,null,"2021-04-01",0,0,0,0,0,0,0,0,0,0,0,1100,null,"2021-04-01",0,0,0,0,0,0,0,0,154,299,28.866320000000002,92,null,"2021-04-01",0,0,0,0,0,0,0,4000,0,0,0,0,null,"2021-04-01",0,0,0,0,0,0,0,0]
["2021-05-01",305,721486,145103.33997,909591,0,0,0,60,9062,15049,7425.0653400000001,18321,null,"2021-05-01",0,0,0,0,0,0,0,0,1,100,0.1472,1000,null,"2021-05-01",0,0,0,0,0,0,0,0,172,324,32.086779999999997,99,null,"2021-05-01",0,0,0,0,1,500,56.6,4500,0,0,0,0,null,"2021-05-01",0,0,0,0,0,0,0,0]
["2021-06-01",587,1205975,242184.406689,607924,2,120,29.125499999999999,60,11535,52996,27083.667290000001,18241,null,"2021-06-01",0,0,0,0,0,0,0,0,3,1500,2.3835000000000002,500,null,"2021-06-01",0,0,0,0,0,0,0,0,104,202,20.472999999999999,39,null,"2021-06-01",0,0,0,0,8,9500,1087.1724999999999,4500,0,0,0,0,null,"2021-06-01",0,0,0,0,0,0,0,0]
["2021-07-01",319,153683,30912.449651999999,607179,0,0,0,60,10852,19599,9846.8558699999994,17759,null,"2021-07-01",0,0,0,0,0,0,0,0,1,250,0.42025000000000001,250,null,"2021-07-01",0,0,0,0,0,0,0,0,213,543,54.575940000000003,61,null,"2021-07-01",0,0,0,0,0,0,0,4500,0,0,0,0,null,"2021-07-01",{"$f":"VLOOKUP(\"62021JN22\",'[1]Pegar datos'!$C$1410:$L$2450,3,0)","v":0},{"$f":"VLOOKUP(\"62021JN22\",'[1]Pegar datos'!$C$1410:$L$2450,4,0)","v":0},{"$f":"VLOOKUP(\"62021JN22\",'[1]Pegar datos'!$C$1410:$L$2450,5,0)/1000000","v":0},{"$f":"VLOOKUP(\"62021JN22\",'[1]Pegar datos'!$C$1410:$L$2450,6,0)","v":0},{"$f":"VLOOKUP(\"62021NV47\",'[1]Pegar datos'!$C$1410:$L$2450,3,0)","v":0},{"$f":"VLOOKUP(\"62021NV47\",'[1]Pegar datos'!$C$1410:$L$2450,4,0)","v":0},{"$f":"VLOOKUP(\"62021NV47\",'[1]Pegar datos'!$C$1410:$L$2450,5,0)/1000000","v":0},{"$f":"VLOOKUP(\"62021NV47\",'[1]Pegar datos'!$C$1410:$L$2450,6,0)","v":0}]
["(1) In Millions",null,null,null,null,null,null,null,null,null,null,null,null,null,"(1) In Millions",null,null,null,null,null,null,null,null,null,null,null,null,null,"(1) In Millions",null,null,null,null,null,null,null,null,null,null,null,null,null,"(1) In Millions",null,null,null,null,null,null,null,null,null,null,null,null,null,"(1) In Millions"]
[]
[null,"3 YEAR BOND",null,null,null,"10 YEAR BOND",null,null,null,"20 YEAR BOND",null,null,null,null,null,"CEMEX",null,null,null,"WALMEX",null,null,null,"GMEXICO",null,null,null,null,null,"GCARSO",null,null,null,"FEMSA",null,null,null,"MR26",null,null,null,null,null,"MY31",null,null,null,"DC18",null,null,null,"JN27-21"]
[null,"Trades","Volume","Notional Value(1)","Open Interest","Trades","Volume","Notional Value(1)","Open Interest","Trades","Volume","Notional Value(1)","Open Interest",null,null,"Trades","Volume","Notional Value(1)","Open Interest","Trades","Volume","Notional Value(1)","Open Interest","Trades","Volume","Notional Value(1)","Open Interest",null,null,"Trades","Volume","Notional Value(1)","Open Interest","Trades","Volume","Notional Value(1)","Open Interest","Trades","Volume","Notional Value(1)","Open Interest",null,null,"Trades","Volume","Notional Value(1)","Open Interest","Trades","Volume","Notional Value(1)","Open Interest","Trades","Volume","Notional Value(1)","Open Interest *"]
[]
["2020-01-01",0,0,0,0,0,0,0,0,0,0,0,0,null,"2020-01-01",2,500,0.39379999999999998,0,9,1106,6.2928220000000001,500,8,650,3.5477500000000002,350,null,"2020-01-01",0,0,0,0,0,0,0,0,0,0,0,0,null,"2020-01-01",0,0,0,0,0,0,0,0,0,0,0,0]
["2020-02-01",0,0,0,0,0,0,0,0,0,0,0,0,null,"2020-02-01",0,0,0,0,3,300,1.7466999999999999,200,6,650,3.1739999999999999,700,null,"2020-02-01",0,0,0,0,0,0,0,0,0,0,0,0,null,"2020-02-01",0,0,0,0,0,0,0,0,0,0,0,0]
["2020-03-01",0,0,0,0,0,0,0,0,0,0,0,0,null,"2020-03-01",4,1200,0.6804,1000,13,1800,10.2658,0,19,2200,9.1842000000000006,500,null,"2020-03-01",0,0,0,0,0,0,0,0,0,0,0,0,null,"2020-03-01",0,0,0,0,0,0,0,0,0,0,0,0]
["2020-04-01",0,0,0,0,0,0,0,0,0,0,0,0,null,"2020-04-01",2,400,0.20499999999999999,600,0,0,0,0,4,600,2.7164000000000001,300,null,"2020-04-01",0,0,0,0,0,0,0,0,0,0,0,0,null,"2020-04-01",0,0,0,0,0,0,0,0,0,0,0,0]
["2020-05-01",0,0,0,0,0,0,0,0,0,0,0,0,null,"2020-05-01",0,0,0,600,0,0,0,0,1,100,0.50239999999999996,400,null,"2020-05-01",0,0,0,0,0,0,0,0,0,0,0,0,null,"2020-05-01",0,0,0,0,0,0,0,0,0,0,0,0]
["2020-06-01",0,0,0,0,0,0,0,0,0,0,0,0,null,"2020-06-01",3,600,0.36499999999999999,0,0,0,0,0,0,0,0,0,null,"2020-06-01",2,300,1.5740000000000001,100,0,0,0,0,0,0,0,0,null,"2020-06-01",0,0,0,0,0,0,0,0,0,0,0,0]
["2020-07-01",0,0,0,0,0,0,0,0,0,0,0,0,null,"2020-07-01",0,0,0,0,0,0,0,0,1,100,0.55989999999999995,0,null,"2020-07-01",0,0,0,0,0,0,0,0,0,0,0,0,null,"2020-07-01",0,0,0,0,0,0,0,0,0,0,0,0]
["2020-08-01",0,0,0,0,0,0,0,0,0,0,0,0,null,"2020-08-01",0,0,0,0,1,250,1.2969999999999999,250,1,100,0.57299999999999995,100,null,"2020-08-01",0,0,0,0,0,0,0,0,0,0,0,0,null,"2020-08-01",0,0,0,0,0,0,0,0,0,0,0,0]
["2020-09-01",0,0,0,0,0,0,0,0,0,0,0,0,null,"2020-09-01",0,0,0,0,0,0,0,250,1,100,0.55100000000000005,200,null,"2020-09-01",0,0,0,0,0,0,0,0,0,0,0,0,null,"2020-09-01",0,0,0,0,0,0,0,0,0,0,0,0]
["2020-10-01",0,0,0,0,0,0,0,0,0,0,0,0,null,"2020-10-01",0,0,0,0,0,0,0,250,0,0,0,200,null,"2020-10-01",0,0,0,0,5,180,2.0839599999999998,180,0,0,0,0,null,"2020-10-01",0,0,0,0,0,0,0,0,0,0,0,0]
["2020-11-01",0,0,0,0,0,0,0,0,0,0,0,0,null,"2020-11-01",0,0,0,0,2,250,1.3583750000000001,250,2,200,1.2746,0,null,"2020-11-01",0,0,0,0,4,180,2.43418,0,0,0,0,0,null,"2020-11-01",0,0,0,0,0,0,0,0,0,0,0,0]
["2020-12-01",0,0,0,0,0,0,0,0,0,0,0,0,null,"2020-12-01",0,0,0,0,2,500,2.8607499999999999,250,0,0,0,0,null,"2020-12-01",0,0,0,0,0,0,0,0,0,0,0,0,null,"2020-12-01",0,0,0,0,0,0,0,0,0,0,0,0]
["2021-01-01",0,0,0,0,0,0,0,0,0,0,0,0,null,"2021-01-01",0,0,0,0,2,250,1.5545,0,0,0,0,0,null,"2021-01-01",0,0,0,0,1,10,0.15046999999999999,10,0,0,0,0,null,"2021-01-01",0,0,0,0,0,0,0,0,0,0,0,0]
["2021-02-01",0,0,0,0,0,0,0,0,0,0,0,0,null,"2021-02-01",0,0,0,0,3,375,2.2482500000000001,125,0,0,0,0,null,"2021-02-01",0,0,0,0,0,0,0,10,0,0,0,0,null,"2021-02-01",0,0,0,0,0,0,0,0,0,0,0,0]
["2021-03-01",0,0,0,0,0,0,0,0,0,0,0,0,null,"2021-03-01",0,0,0,0,1,125,0.80337499999999995,0,0,0,0,0,null,"2021-03-01",0,0,0,0,2,20,0.31011,10,0,0,0,0,null,"2021-03-01",0,0,0,0,0,0,0,0,0,0,0,0]
["2021-04-01",0,0,0,0,0,0,0,0,0,0,0,0,null,"2021-04-01",0,0,0,0,0,0,0,0,0,0,0,0,null,"2021-04-01",0,0,0,0,1,10,0.16248000000000001,0,0,0,0,0,null,"2021-04-01",0,0,0,0,0,0,0,0,0,0,0,0]
["2021-05-01",0,0,0,0,0,0,0,0,0,0,0,0,null,"2021-05-01",0,0,0,0,0,0,0,0,2,200,1.8329,200,null,"2021-05-01",0,0,0,0,0,0,0,0,0,0,0,0,null,"2021-05-01",0,0,0,0,0,0,0,0,0,0,0,0]
["2021-06-01",0,0,0,0,0,0,0,0,0,0,0,0,null,"2021-06-01",0,0,0,0,0,0,0,0,2,100,0.95350000000000001,100,null,"2021-06-01",0,0,0,0,0,0,0,0,0,0,0,0,null,"2021-06-01",0,0,0,0,0,0,0,0,0,0,0,0]
["2021-07-01",0,0,0,0,0,0,0,0,0,0,0,0,null,"2021-07-01",0,0,0,0,0,0,0,0,0,0,0,100,null,"2021-07-01",0,0,0,0,3,200,3.4268999999999998,200,0,0,0,0,null,"2021-07-01",0,0,0,0,0,0,0,0,0,0,0,0]
["(1) In Millions",null,null,null,null,null,null,null,null,null,null,null,null,null,"(1) In Millions",null,null,null,null,null,null,null,null,null,null,null,null,null,"(1) In Millions",null,null,null,null,null,null,null,null,null,null,null,null,null,"(1) In Millions"]
[]
[]
[null,"GMXT",null,null,null,"TIEF"]
[null,"Trades","Volume","Notional Value(1)","Open Interest","Trades","Volume","Notional Value(1)","Open Interest"]
[]
["2020-01-01",0,0,0,0,0,0,0,0]
["2020-02-01",0,0,0,0,0,0,0,0]
["2020-03-01",0,0,0,0,0,0,0,0]
["2020-04-01",0,0,0,0,0,0,0,0]
["2020-05-01",0,0,0,0,0,0,0,0]
["2020-06-01",0,0,0,0,0,0,0,0]
["2020-07-01",0,0,0,0,0,0,0,0]
["2020-08-01",0,0,0,0,0,0,0,0]
["2020-09-01",0,0,0,0,0,0,0,0]
["2020-10-01",0,0,0,0,0,0,0,0]
["2020-11-01",0,0,0,0,0,0,0,0]
["2020-12-01",0,0,0,0,0,0,0,0]
["2021-01-01",3,150,0.46465000000000001,1664,0,0,0,0]
["2021-02-01",3,364,1.0628599999999999,1700,2,2,0.2,0]
["2021-03-01",9,4050,11.293850000000001,2650,0,0,0,0]
["2021-04-01",0,0,0,2650,0,0,0,0]
["2021-05-01",1,50,0.16814999999999999,2600,0,0,0,0]
["2021-06-01",4,5200,17.105399999999999,2600,0,0,0,0]
["2021-07-01",0,0,0,2600,10,2800,280,2800]
["(1) In Millions"]

{"sheet":"Options Data","index":4,"n_rows":52,"n_cols":27,"rows_kept":52,"cut":false,"hidden":false,"merged":[[6,23,7,23],[6,24,7,24],[6,25,7,25],[6,6,7,6],[6,7,7,7],[6,8,7,8],[6,9,7,9],[6,10,7,10],[6,1,7,1],[6,2,7,2],[6,3,7,3],[6,4,7,4],[6,5,7,5],[5,1,5,4],[5,5,5,8],[5,9,5,12],[5,15,5,18],[5,19,5,22],[30,9,31,9],[30,10,31,10],[30,11,31,11],[30,12,31,12],[5,23,5,26],[6,12,7,12],[6,11,7,11],[6,26,7,26],[6,15,7,15],[6,16,7,16],[6,17,7,17],[6,18,7,18],[6,19,7,19],[6,20,7,20],[6,21,7,21],[6,22,7,22],[30,15,31,15],[30,16,31,16],[30,17,31,17],[30,18,31,18],[29,1,29,4],[29,5,29,8],[29,9,29,12],[29,15,29,18],[30,1,31,1],[30,2,31,2],[30,3,31,3],[30,4,31,4],[30,5,31,5],[30,6,31,6],[30,7,31,7],[30,8,31,8],[29,19,29,22],[30,19,31,19],[30,20,31,20],[30,21,31,21],[30,22,31,22],[29,23,29,26],[30,23,31,23],[30,24,31,24],[30,25,31,25],[30,26,31,26]]}
["MEXICAN STOCK EXCHANGE",null,null,null,null,null,null,null,null,null,null,null,null,null,"MEXICAN STOCK EXCHANGE"]
[{"$f":"'Futures Data'!A2","v":"JULY OPERATIONAL HIGHLIGHTS"},null,null,null,null,null,null,null,null,null,null,null,null,null,{"$f":"A2","v":"JULY OPERATIONAL HIGHLIGHTS"}]
[]
["OPERATING FIGURES OPTIONS MARKET",null,null,null,null,null,null,null,null,null,null,null,null,null,"OPERATING FIGURES OPTIONS MARKET"]
[]
[null,"IPC INDEX",null,null,null,"DOLLAR",null,null,null,"AMERICA MOVIL",null,null,null,null,null,"TELEVISA",null,null,null,"GRUPO MEXICO",null,null,null,"ORBIA"]
[null,"Trades","Volume","Notional Value(1)","Open Interest","Trades","Volume","Notional Value(1)","Open Interest","Trades","Volume","Notional Value(1)","Open Interest",null,null,"Trades","Volume","Notional Value(1)","Open Interest","Trades","Volume","Notional Value(1)","Open Interest","Trades","Volume","Notional Value(1)","Open Interest"]
[]
["2020-01-01",775,1062,479.05500000000001,624,14,3000,579.4,4815,6,885,1.2837499999999999,885,null,"2020-01-01",0,0,0,0,0,0,0,0,0,0,0,0]
["2020-02-01",608,923,410.95,831,10,25615,5012.9849999999997,26075,2,6625,10.50625,6885,null,"2020-02-01",0,0,0,0,7,2000,9.6,2000,0,0,0,0]
["2020-03-01",434,551,218.87,315,10,22724,4475.2250000000004,10599,1,6000,9.6,6000,null,"2020-03-01",0,0,0,0,0,0,0,0,0,0,0,0]
["2020-04-01",161,163,56.61,347,3,72,17.808,10623,0,0,0,6000,null,"2020-04-01",0,0,0,0,0,0,0,0,0,0,0,0]
["2020-05-01",185,189,68.14,405,20,1925,452.65499999999997,12548,0,0,0,6000,null,"2020-05-01",0,0,0,0,0,0,0,0,0,0,0,0]
["2020-06-01",498,504,185.3,182,11,2525,555.54999999999995,5800,0,0,0,0,null,"2020-06-01",0,0,0,0,0,0,0,0,0,0,0,0]
["2020-07-01",488,491,178.88499999999999,256,8,2000,448.6,7800,1,10000,14,10000,null,"2020-07-01",0,0,0,0,0,0,0,0,0,0,0,0]
["2020-08-01",359,558,210.535,446,6,300,64.5,8000,2,10001,14.501099999999999,20000,null,"2020-08-01",0,0,0,0,0,0,0,0,0,0,0,0]
["2020-09-01",418,1038,383.65499999999997,738,19,11120,2426.5,3280,0,0,0,0,null,"2020-09-01",0,0,0,0,0,0,0,0,0,0,0,0]
["2020-10-01",488,1623,594.44500000000005,1848,7,2600,571.4,5880,0,0,0,0,null,"2020-10-01",0,0,0,0,0,0,0,0,0,0,0,0]
["2020-11-01",178,178,69.424999999999997,1890,5,1000,204.4,6880,0,0,0,0,null,"2020-11-01",0,0,0,0,0,0,0,0,0,0,0,0]
["2020-12-01",369,370,161.06,168,14,5200,1088.5999999999999,80,0,0,0,0,null,"2020-12-01",0,0,0,0,0,0,0,0,0,0,0,0]
["2021-01-01",250,348,153.41499999999999,275,14,2061,411.005,2141,3,60000,90,60000,null,"2021-01-01",0,0,0,0,3,1100,9.24,1100,0,0,0,0]
["2021-02-01",202,353,154.76499999999999,418,7,1400,278.60000000000002,3141,2,100000,130,160000,null,"2021-02-01",0,0,0,0,1,1150,9.66,2250,0,0,0,0]
["2021-03-01",252,300,137.27000000000001,29,25,3224,665.55700000000002,3085,0,0,0,0,null,"2021-03-01",0,0,0,0,0,0,0,0,0,0,0,0]
["2021-04-01",191,302,147.94,199,9,1620,331.53,4105,0,0,0,0,null,"2021-04-01",0,0,0,0,2,2000,18.399999999999999,2000,0,0,0,0]
["2021-05-01",105,261,130.815,358,6,2000,410.3,6105,0,0,0,0,null,"2021-05-01",0,0,0,0,1,1000,9.4,3000,0,0,0,0]
["2021-06-01",84,109,55.015000000000001,68,21,4910,994.36,3040,2,21000,31.9,13000,null,"2021-06-01",0,0,0,0,0,0,0,0,0,0,0,0]
["2021-07-01",121,490,238.09,462,2,400,80.400000000000006,3440,2,13000,20.8,26000,null,"2021-07-01",0,0,0,0,0,0,0,0,0,0,0,0]
["(1) In Millions",null,null,null,null,null,null,null,null,null,null,null,null,null,"(1) In Millions"]
[]
[null,"CEMEX",null,null,null,"WALMEX",null,null,null,"NAFTRAC",null,null,null,null,null,"FEMSA",null,null,null,"GMXT",null,null,null,"ALFA"]
[null,"Trades","Volume","Notional Value(1)","Open Interest","Trades","Volume","Notional Value(1)","Open Interest","Trades","Volume","Notional Value(1)","Open Interest",null,null,"Trades","Volume","Notional Value(1)","Open Interest","Trades","Volume","Notional Value(1)","Open Interest","Trades","Volume","Notional Value","Open Interest"]
[]
["2020-01-01",12,24358,17.050599999999999,24358,1,12,6.7199999999999996E-2,12,0,0,0,0,null,"2020-01-01",0,0,0,0,0,0,0,0,0,0,0,0]
["2020-02-01",7,35378,24.662600000000001,35348,1,12,6.7199999999999996E-2,0,0,0,0,0,null,"2020-02-01",0,0,0,0,0,0,0,0,0,0,0,0]
["2020-03-01",0,0,0,10000,0,0,0,0,0,0,0,0,null,"2020-03-01",0,0,0,0,0,0,0,0,0,0,0,0]
["2020-04-01",0,0,0,10000,0,0,0,0,0,0,0,0,null,"2020-04-01",0,0,0,0,0,0,0,0,0,0,0,0]
["2020-05-01",0,0,0,10000,0,0,0,0,0,0,0,0,null,"2020-05-01",0,0,0,0,0,0,0,0,0,0,0,0]
["2020-06-01",0,0,0,0,0,0,0,0,0,0,0,0,null,"2020-06-01",0,0,0,0,0,0,0,0,0,0,0,0]
["2020-07-01",0,0,0,0,0,0,0,0,0,0,0,0,null,"2020-07-01",0,0,0,0,0,0,0,0,0,0,0,0]
["2020-08-01",6,23000,17.25,23000,1,1,6.3E-3,0,0,0,0,0,null,"2020-08-01",2,10000,132.5,10000,0,0,0,0,0,0,0,0]
["2020-09-01",1,13000,9.75,26000,1,2000,10.199999999999999,2000,0,0,0,0,null,"2020-09-01",0,0,0,0,0,0,0,0,0,0,0,0]
["2020-10-01",0,0,0,26000,1,5000,25.5,7000,0,0,0,0,null,"2020-10-01",0,0,0,0,0,0,0,0,0,0,0,0]
["2020-11-01",0,0,0,26000,0,0,0,7000,0,0,0,0,null,"2020-11-01",4,420,5.88,420,0,0,0,0,0,0,0,0]
["2020-12-01",0,0,0,0,1,2000,10.4,2000,0,0,0,0,null,"2020-12-01",0,0,0,420,0,0,0,0,0,0,0,0]
["2021-01-01",0,0,0,0,5,31600,191.92,33600,0,0,0,0,null,"2021-01-01",0,0,0,420,0,0,0,0,0,0,0,0]
["2021-02-01",0,0,0,0,0,0,0,33600,0,0,0,0,null,"2021-02-01",0,0,0,420,0,0,0,0,0,0,0,0]
["2021-03-01",0,0,0,0,1,1500,10.5,1500,0,0,0,0,null,"2021-03-01",0,0,0,0,0,0,0,0,6,9000,9.9,9000]
["2021-04-01",0,0,0,0,1,1500,9,3000,0,0,0,0,null,"2021-04-01",0,0,0,0,0,0,0,0,0,0,0,9000]
["2021-05-01",0,0,0,0,0,0,0,3000,0,0,0,0,null,"2021-05-01",0,0,0,0,0,0,0,0,0,0,0,9000]
["2021-06-01",0,0,0,0,1,1700,10.199999999999999,1700,0,0,0,0,null,"2021-06-01",0,0,0,0,0,0,0,0,0,0,0,0]
["2021-07-01",0,0,0,0,0,0,0,1700,0,0,0,0,null,"2021-07-01",0,0,0,0,0,0,0,0,0,0,0,0]
["(1) In Millions",null,null,null,null,null,null,null,null,null,null,null,null,null,"(1) In Millions"]

{"sheet":"AuC","index":5,"n_rows":29,"n_cols":13,"rows_kept":29,"cut":false,"hidden":false,"merged":[[5,9,6,9],[5,10,6,10],[5,11,6,11],[5,12,6,12],[17,0,18,0],[11,0,12,0],[5,1,6,1],[5,2,6,2],[5,3,6,3],[5,4,6,4],[5,5,6,5],[5,6,6,6],[5,7,6,7],[5,8,6,8],[5,0,6,0],[17,11,18,11],[17,5,18,5],[17,6,18,6],[17,7,18,7],[17,8,18,8],[23,11,24,11],[23,5,24,5],[23,0,24,0],[17,1,18,1],[17,2,18,2],[17,3,18,3],[17,4,18,4],[23,1,24,1],[23,2,24,2],[23,3,24,3],[23,4,24,4],[11,1,12,1],[11,2,12,2],[11,3,12,3],[11,4,12,4],[11,5,12,5],[11,11,12,11],[11,12,12,12],[17,9,18,9],[17,10,18,10],[23,6,24,6],[23,7,24,7],[23,8,24,8],[23,9,24,9],[23,10,24,10],[11,6,12,6],[11,7,12,7],[11,8,12,8],[11,9,12,9],[11,10,12,10],[17,12,18,12],[23,12,24,12]]}
["MEXICAN STOCK EXCHANGE"]
[{"$f":"'Options Data'!A2","v":"JULY OPERATIONAL HIGHLIGHTS"}]
[]
["ASSETS UNDER CUSTODY"]
[]
["Local","2020-01-01","2020-02-01","2020-03-01","2020-04-01","2020-05-01","2020-06-01","2020-07-01","2020-08-01","2020-09-01","2020-10-01","2020-11-01","2020-12-01"]
[]
["Equity (1)",13710823.952169033,13704726.015469026,12695482.827460205,12285905.232182804,12710570.020234022,13024339.213662244,13003186.35957302,13571700.78266532,13130583.935788507,13341646.923696026,13668548.029702729,14228256.374172112]
["Debt  (1)",11742419.423139993,11789212.863527488,11845028.704896133,11884988.325536868,11973128.501936221,12032560.631756071,12092223.801495794,12147127.285895381,12236310.701711597,12277383.958467105,12390527.557225766,12478843.220221095]
[]
[]
["Local","2021-01-01","2021-02-01","2021-03-01","2021-04-01","2021-05-01","2021-06-01","2021-07-01","2021-08-01","2021-09-01","2021-10-01","2021-11-01","2021-12-01"]
[]
["Equity  (1)",14548369.740788311,14573229.837951975,14845397.162581202,15069009.002538387,15296142.17223499,15587123.901733348,15564072.53240349,0,0,0,0,0]
["Debt  (1)",12505768.228709342,12576085.752896231,12589119.283492405,12651691.335650427,12755295.904980335,12741306.193592813,12791389.648279062,0,0,0,0,0]
[]
[]
["Global","2020-01-01","2020-02-01","2020-03-01","2020-04-01","2020-05-01","2020-06-01","2020-07-01","2020-08-01","2020-09-01","2020-10-01","2020-11-01","2020-12-01"]
[]
["Equity  (1)",919374.60832477722,932599.27282173524,940441.13109909231,996492.95586120954,1002592.6686883768,1071953.7194405685,1095425.9550216084,1127804.7374979889,1130373.9076228114,1147454.3243578654,1162531.8782560113,1203341.8401769649]
["Debt  (1)",192163.96350132173,186546.36913242517,205313.13997624585,210094.47131733625,207975.73765705238,200271.01940675333,195003.71412859033,197229.13269080664,201010.23595873444,204584.38546934223,197526.07939695354,195141.74882308766]
[]
[]
["Global","2021-01-01","2021-02-01","2021-03-01","2021-04-01","2021-05-01","2021-06-01","2021-07-01","2021-08-01","2021-09-01","2021-10-01","2021-11-01","2021-12-01"]
[]
["Equity  (1)",1255537.9250677645,1309048.9794118123,1346036.7322182048,1357049.7683138347,1389540.4917064928,1435959.799661716,1425000.6627145754,0,0,0,0,0]
["Debt  (1)",190004.85764346365,191078.88022604989,192566.28077535209,187490.19398364783,186594.21893049215,184840.56308910748,192247.17969170111,0,0,0,0,0]
[]
["(1) In Millions"]